 - -12. Let l = g + j. What is the units digit of l?
5
Let u be 3*(1 + (-2 - -4)). Suppose -4*o = o. Suppose 3*d - u = o, 3*d = i - 0*i. What is the units digit of i?
9
Suppose 68 = 5*o - 107. What is the tens digit of o?
3
Let r(h) = -33*h - 10. What is the hundreds digit of r(-4)?
1
Let h(a) = a**3 + 5*a**2 + 4*a - 3. Let z be h(-4). Let r = 6 + z. What is the units digit of r?
3
Let j = 97 + -43. What is the units digit of j?
4
What is the units digit of 3/(-2) - (-86)/4?
0
Let s(k) = -k + 9. What is the tens digit of s(-7)?
1
Suppose 0 = -4*m - 3*f + 36, 0 = -4*m + 5*f + 28 + 8. Let s be (0 + -1*1)*-1. Suppose -4*p = s - m. What is the units digit of p?
2
Suppose -3*i + 136 = i. What is the units digit of i?
4
Let c(h) be the third derivative of h**4/24 - h**3 - h**2. What is the units digit of c(7)?
1
Let t(o) = o + 2. Let g be t(3). Suppose -g*r + 6*r = -x + 15, 3*x = -r + 39. Suppose 3*h = -x, -23 - 33 = -4*v + 5*h. What is the units digit of v?
9
Let h(q) = -q**3 + 10*q**2 + 11*q + 12. Let x be h(11). Let n = x - 0. What is the tens digit of n?
1
Let g = -23 + 257. What is the tens digit of g?
3
Let s(y) = -11*y - 10. Let k be s(-4). Suppose -i + k = 4. What is the tens digit of i?
3
Let r(h) be the second derivative of -2*h**3 - h**2/2 - h. What is the units digit of r(-4)?
7
Let p be (-15)/5 + (-3 - -1). Let m = -5 - p. Suppose -3*o + 3*a = -51, -3*o - 2*a = -m*a - 46. What is the tens digit of o?
1
Suppose 5*o - 172 = -4*d, 2*o - 3*d - 29 - 49 = 0. What is the units digit of o?
6
What is the tens digit of (-44)/55 + 218/10?
2
Let h(u) = -u**3 + 6*u**2 - 3*u - 4. Let s be h(5). What is the units digit of ((-4)/s)/(6/(-81))?
9
Let k(s) = 16*s**2 - s**3 + 9*s - 7*s**2 - 7 + 4*s. What is the tens digit of k(10)?
2
Let x = -1 - 6. Let g(c) = -2*c**3 + c**2 - 2. Let p be g(2). Let f = x - p. What is the units digit of f?
7
Let z be (0/1)/(-4 + 3). Suppose 0 = o - z*o - 8. What is the units digit of o?
8
Let m = -3 - -36. What is the units digit of m?
3
Suppose -a - 3*a = -4. Let k(l) = l**3 + 5*l**2 + 4*l - 4. Let y be k(-4). What is the units digit of ((-6)/y)/(a/6)?
9
Suppose 5*z + 3*j = 254 + 94, 0 = -5*z + j + 364. What is the tens digit of z?
7
Let d(r) = r**3 + 5*r**2 - r. Let l be d(-3). Let v = l - 7. What is the units digit of v/2 + -2 + -2?
3
Let t(y) = -2*y - 9. Suppose 3*b = -3*d + 72, -6*d + 132 = -d + b. Let o = 17 - d. What is the tens digit of t(o)?
1
Suppose -c + 3*f = -24, 3*c = -2*f - 18 + 46. Let s = c + -4. What is the units digit of s?
8
Suppose -4*b - 8 = -8*b. Suppose 3*a + 5*l + 4 = b*a, -5*l = 20. What is the tens digit of a?
1
Let j be -1 - (-1 - -1) - -1. Suppose -r + 2*y = -5*r + 114, j = 4*r + y - 109. What is the tens digit of r?
2
Let u(g) = g**3 + 8*g**2 - 2*g - 11. Let c be u(-8). Suppose 0 = -2*z - j + 76 - 17, -158 = -c*z + j. What is the units digit of z?
1
Let s = -4 + 0. Let g(x) = 2*x**2 + 5*x - 3. What is the units digit of g(s)?
9
What is the units digit of ((-35)/(-15) - 3)/((-6)/153)?
7
Let f be (-2 - 1)/3*5. Suppose -2*k + 74 + 340 = 2*m, 3*k - 618 = -4*m. What is the units digit of 2/f - k/(-25)?
8
Let x = 5 - 2. Let j(a) = 3*a - 4. What is the units digit of j(x)?
5
Let q(i) = 4*i + 1. What is the units digit of q(19)?
7
Let b = 4 + 42. What is the tens digit of b?
4
Let w(k) = -k + 1. Let v = 4 - 2. Let g be 37/(-7) + v/7. What is the units digit of w(g)?
6
What is the units digit of -3 + 167 + 5 + -4?
5
Let r = -48 - -86. What is the units digit of r?
8
Let z(s) = s + 1. Let x(g) = g**2 + 8*g + 2. Let k(v) = -x(v) + 2*z(v). Let m be k(-6). Suppose -p + 3 - 1 = m. What is the units digit of p?
2
Let m = 10 + -14. Let d = m - -4. Suppose d = -4*w + 2*w + 26. What is the units digit of w?
3
Suppose 2*o - 6*o - 16 = 0. Suppose 3*y + 2 - 20 = -3*a, 0 = -5*y + 25. What is the units digit of (-3 - o)/(a/10)?
0
Suppose -m - 4*m - 3*z = -1787, -m - 2*z = -356. What is the units digit of m?
8
Suppose -4*m = -143 + 47. Suppose i = -i + m. What is the tens digit of i?
1
Suppose 0*s - 10 = 5*s. Let w(i) = -6*i + 2. Let n be w(s). Suppose -5*x - 3*b + n = 0, 5*x + 4*b + 4 = 4*x. What is the units digit of x?
4
Let w(i) = -4*i + 20. What is the units digit of w(-15)?
0
Let c = 7 - 5. Suppose -c*s = -67 + 27. What is the tens digit of s?
2
Suppose 3*t - 20 = 4*y, -4 = t + y + 3*y. Let r = 5 - t. Suppose l = r - 0. What is the units digit of l?
1
Let l = 6 + -3. Let k(a) = -2*a**3 + 3*a**3 + 2 + l - a - a**2. What is the units digit of k(0)?
5
Suppose b - v = -4*b + 23, 0 = v + 3. Suppose b*l = -0*l + 8. Let u = 6 - l. What is the units digit of u?
4
Suppose -q + 3*q = 3*u - 27, -4*u + 64 = -5*q. Let n be 4*(0 + 9/2). Let s = n + q. What is the units digit of s?
6
Suppose 0 = 4*n - n, -o - 3*n - 11 = 0. Let y(r) = -r**2 - 10*r + 16. What is the units digit of y(o)?
5
Suppose -3*l + 2*l + 2 = 0. Let w be l - (0 - 0)/(-1). Let u = w + -1. What is the units digit of u?
1
What is the units digit of ((-11)/(-2))/(8/48)?
3
Suppose -q + 4*q + b - 257 = 0, 2*q - 172 = -b. What is the units digit of q?
5
Suppose 4*n - 3*n - 5*j = -17, 63 = -5*n + 3*j. Let w(m) = m**2 + 7*m - 10. What is the tens digit of w(n)?
5
Let s be 6/(-21) + 429/7. Suppose 5*f = 4*i - 53 + 16, -4*i - 3*f = -s. What is the units digit of i?
3
Suppose 6*j - 176 = 28. What is the tens digit of j?
3
Let h = -109 - -157. What is the units digit of h?
8
What is the tens digit of (309/(-12))/(((-33)/12)/11)?
0
Let y(w) = 4 - w**2 - 4. Let z be y(-2). What is the units digit of ((-2)/z + 0)*6?
3
Suppose 2*a + 165 = -3*a. What is the units digit of a*6/(-9) + 1?
3
Let u(c) = 2*c**2 + 4*c + 2. Let m(b) = -b**3 + b**2 + 2*b - 3. Let i be m(2). What is the units digit of u(i)?
8
Suppose 5*o - 915 = -3*p, 0*o - 2*o + 355 = -p. What is the units digit of o?
0
Let h = -162 - -242. What is the units digit of h?
0
Suppose -518 - 437 = -5*n. What is the hundreds digit of n?
1
Let s(q) = -15*q + 5. Let x(c) = -8*c + 3. Let l(w) = -6*s(w) + 11*x(w). What is the units digit of l(3)?
9
Suppose 12 = -3*z + 7*z. Suppose z*u - 20 = u. What is the units digit of 6/u*(10 + -5)?
3
Let d be (-2)/4 - (-5)/2. Let u = d + 1. Suppose i - 2*n = -9, -2 = -u*i - n + 6. What is the units digit of i?
1
Suppose 5*c - v - 181 = 2*c, 0 = -c + 3*v + 71. What is the units digit of c?
9
Let a = -41 + 52. What is the units digit of a?
1
Suppose 7*z - 976 = 11. What is the hundreds digit of z?
1
Let c be 2/7 - (-152)/7. Let l = c + 21. What is the tens digit of l?
4
Let y(m) = m - 3. Let h be y(-9). Let q = 15 + h. What is the units digit of q?
3
Let i(t) = 10*t + 15. Let y be i(-9). Let o = y - -114. What is the tens digit of o?
3
Let c(o) = -o**3 - 2*o**2 + 2*o - 1. Let u be c(1). Let b(x) = -3*x - 3. What is the units digit of b(u)?
3
Let p(f) = -10*f + 2. Let n be 10/3*(-6)/5. Let c be p(n). Suppose -c = -5*a + 13. What is the units digit of a?
1
Let o(k) = -k**2 + 2*k + 2. Let c be o(-2). What is the tens digit of c*(-4)/(-8) - -15?
1
What is the tens digit of (1*-1)/(24/(-1776))?
7
Let r(h) = h**3 - 4*h**2 - 5*h + 4. Let g be r(5). Suppose 5*f + g*u = 17, 3*u + 10 = -2*u. Let w(z) = -z**2 + 4*z + 6. What is the units digit of w(f)?
1
Suppose 5*s = -q + 6, 4*s - 4*q = -q + 20. Suppose -52 = -2*r - s*r. What is the units digit of r?
3
Suppose -y + 135 = 2*y. Suppose -y = -v - 2*v. Suppose -4*m - m = -v. What is the units digit of m?
3
Let y = -21 - -21. Suppose -u + y*a + 2*a = -26, -5*a = -u + 38. What is the tens digit of u?
1
Suppose -2*n + 106 = -14. What is the units digit of n?
0
Let u = 7 - 4. Let c = u + -3. Suppose c + 12 = 3*i. What is the units digit of i?
4
Let k = 1 + 3. Let a(l) = -l**3 + 4*l**2 + 5*l - 3. What is the units digit of a(k)?
7
Let g be (3/(-1))/1 + 7. Suppose 0*l = -g*l + 60. What is the tens digit of l?
1
Let c(d) = d**3 + 5*d**2 + d + 4. Let l be c(-5). What is the units digit of (-14)/(3 + -1)*l?
7
Let k = -87 - -57. What is the tens digit of ((-72)/k)/((-3)/(-20))?
1
Let q(z) = 18*z - 3. Let y be q(2). Let x be 1*(-100)/6*(-12)/10. Let r = y - x. What is the tens digit of r?
1
Let l(k) = k**2 - k + 1. Let o be l(2). Suppose 8*t + 25 = 5*b + o*t, -4*b + 29 = -t. What is the units digit of b?
8
Let x = 27 + -9. What is the tens digit of x?
1
Suppose 